 factors of 266796?
2, 3, 7411
What are the prime factors of 492401?
7, 13, 773
List the prime factors of 318984.
2, 3, 13291
List the prime factors of 1588223.
7, 13, 31, 563
What are the prime factors of 387713?
109, 3557
List the prime factors of 17449336.
2, 73, 29879
What are the prime factors of 434212?
2, 108553
List the prime factors of 137380.
2, 5, 6869
List the prime factors of 3482682.
2, 3, 7, 101, 821
What are the prime factors of 15626623?
2131, 7333
List the prime factors of 10918095.
3, 5, 41, 433
What are the prime factors of 602678?
2, 29, 10391
What are the prime factors of 4338916?
2, 19, 37, 1543
What are the prime factors of 158683?
7, 22669
List the prime factors of 243199.
11, 22109
What are the prime factors of 221244?
2, 3, 103, 179
What are the prime factors of 16370267?
19, 137, 331
List the prime factors of 2482398.
2, 3, 137911
What are the prime factors of 4191406?
2, 139, 15077
What are the prime factors of 23521538?
2, 11760769
What are the prime factors of 3840171?
3, 457, 2801
What are the prime factors of 4420681?
149, 29669
What are the prime factors of 955236?
2, 3, 23, 3461
List the prime factors of 109394.
2, 83, 659
List the prime factors of 539359.
17, 31727
List the prime factors of 94275.
3, 5, 419
List the prime factors of 438476.
2, 109619
What are the prime factors of 24678?
2, 3, 457
What are the prime factors of 168207?
3, 13, 19, 227
List the prime factors of 280624.
2, 17539
List the prime factors of 516671.
47, 10993
List the prime factors of 5764249.
5764249
List the prime factors of 53510.
2, 5, 5351
What are the prime factors of 420222?
2, 3, 11, 6367
What are the prime factors of 598158?
2, 3, 11, 19, 53
List the prime factors of 255124.
2, 63781
List the prime factors of 4649934.
2, 3, 43, 67, 269
List the prime factors of 10788494.
2, 41, 149, 883
List the prime factors of 3537712.
2, 127, 1741
What are the prime factors of 225646?
2, 257, 439
List the prime factors of 19733525.
5, 7, 89, 181
What are the prime factors of 1262887?
1262887
List the prime factors of 112873.
41, 2753
List the prime factors of 1454756.
2, 29, 12541
List the prime factors of 724562.
2, 362281
What are the prime factors of 3905110?
2, 5, 11, 131, 271
List the prime factors of 88086.
2, 3, 53, 277
What are the prime factors of 25208610?
2, 3, 5, 7, 120041
List the prime factors of 224764.
2, 83, 677
List the prime factors of 187658.
2, 101, 929
List the prime factors of 2168160.
2, 3, 5, 4517
What are the prime factors of 6505435?
5, 23, 56569
What are the prime factors of 3609895?
5, 721979
What are the prime factors of 430405?
5, 59, 1459
What are the prime factors of 2373044?
2, 593261
What are the prime factors of 4393903?
4393903
List the prime factors of 313284.
2, 3, 26107
List the prime factors of 4948759.
19, 260461
List the prime factors of 3639229.
11, 330839
What are the prime factors of 3796456?
2, 474557
List the prime factors of 1414430.
2, 5, 141443
List the prime factors of 6994076.
2, 1748519
List the prime factors of 215805.
3, 5, 14387
What are the prime factors of 2697470?
2, 5, 107, 2521
List the prime factors of 266977.
266977
What are the prime factors of 260953?
7, 11, 3389
What are the prime factors of 3597503?
7, 13, 3041
List the prime factors of 17210749.
17, 1012397
List the prime factors of 9273203.
9273203
List the prime factors of 213006.
2, 3, 131, 271
What are the prime factors of 432466?
2, 216233
What are the prime factors of 18870474?
2, 3, 7, 29, 15493
What are the prime factors of 116467?
13, 17, 31
What are the prime factors of 5219194?
2, 2609597
List the prime factors of 75837.
3, 17, 1487
List the prime factors of 485717.
485717
What are the prime factors of 1744913?
193, 9041
List the prime factors of 4593395.
5, 918679
What are the prime factors of 875166?
2, 3, 145861
What are the prime factors of 11601970?
2, 5, 19, 227, 269
List the prime factors of 649145.
5, 7, 17, 1091
List the prime factors of 5046408.
2, 3, 61, 383
List the prime factors of 5138323.
787, 6529
What are the prime factors of 627188?
2, 156797
List the prime factors of 1145868.
2, 3, 17, 41, 137
What are the prime factors of 3659869?
733, 4993
List the prime factors of 1108520.
2, 5, 7, 37, 107
What are the prime factors of 18540386?
2, 97, 95569
List the prime factors of 31017678.
2, 3, 5169613
List the prime factors of 582073.
163, 3571
List the prime factors of 593844.
2, 3, 17, 41, 71
What are the prime factors of 2957473?
17, 173969
List the prime factors of 19163.
19163
What are the prime factors of 115778?
2, 13, 61, 73
What are the prime factors of 5065400?
2, 5, 19, 31, 43
What are the prime factors of 3113093?
19, 163847
What are the prime factors of 4041671?
47, 113, 761
List the prime factors of 2362422.
2, 3, 17, 19, 23, 53
List the prime factors of 358104.
2, 3, 43, 347
List the prime factors of 313230.
2, 3, 5, 53, 197
What are the prime factors of 519980?
2, 5, 25999
What are the prime factors of 261811?
11, 23801
What are the prime factors of 6071773?
19, 319567
What are the prime factors of 5504655?
3, 5, 13, 28229
List the prime factors of 738752.
2, 7, 17, 97
List the prime factors of 702897.
3, 13, 67, 269
What are the prime factors of 1362416?
2, 11, 7741
List the prime factors of 1010381.
1010381
List the prime factors of 350321.
43, 8147
What are the prime factors of 3744820?
2, 5, 113, 1657
List the prime factors of 102768.
2, 3, 2141
List the prime factors of 260187.
3, 86729
List the prime factors of 1511027.
7, 73, 2957
List the prime factors of 2590014.
2, 3, 7, 61667
What are the prime factors of 31685592?
2, 3, 937, 1409
List the prime factors of 237287.
237287
What are the prime factors of 21833639?
131, 166669
What are the prime factors of 1886255?
5, 7, 7699
List the prime factors of 6366191.
13, 31, 15797
What are the prime factors of 882431?
11, 80221
List the prime factors of 511245.
3, 5, 7, 541
List the prime factors of 7532571.
3, 37, 79, 859
What are the prime factors of 1653741?
3, 19, 509
List the prime factors of 2433694.
2, 1216847
List the prime factors of 3257996.
2, 7, 23, 5059
List the prime factors of 4153295.
5, 191, 4349
List the prime factors of 822392.
2, 17, 6047
List the prime factors of 171714.
2, 3, 28619
List the prime factors of 10817388.
2, 3, 31, 359
List the prime factors of 136797.
3, 45599
What are the prime factors of 528181?
19, 27799
What are the prime factors of 113509?
11, 17, 607
What are the prime factors of 739543?
7, 105649
List the prime factors of 2489465.
5, 11, 45263
List the prime factors of 246314.
2, 107, 1151
What are the prime factors of 3098763?
3, 114769
What are the prime factors of 6360461?
6360461
List the prime factors of 6394279.
19, 67, 5023
List the prime factors of 64318.
2, 32159
What are the prime factors of 7961486?
2, 13, 29, 10559
List the prime factors of 912624.
2, 3, 19013
What are the prime factors of 460923?
3, 153641
What are the prime factors of 49019?
49019
List the prime factors of 16289376.
2, 3, 169681
What are the prime factors of 292829?
103, 2843
What are the prime factors of 186567?
3, 62189
List the prime factors of 11873950.
2, 5, 11, 21589
What are the prime factors of 9151904?
2, 285997
What are the prime factors of 7671?
3, 2557
List the prime factors of 22999817.
22999817
List the prime factors of 199760.
2, 5, 11, 227
What are the prime factors of 173673?
3, 23, 839
What are the prime factors of 1905343?
11, 17, 23, 443
What are the prime factors of 172830?
2, 3, 5, 7, 823
List the prime factors of 181972.
2, 7, 67, 97
List the prime factors of 8580904.
2, 1072613
What are the prime factors of 3556988?
2, 889247
What are the prime factors of 33409?
33409
What are the prime factors of 87754?
2, 17, 29, 89
List the prime factors of 509038.
2, 254519
What are the prime factors of 21375465?
3, 5, 29, 49139
List the prime factors of 4343164.
2, 7, 22159
List the prime factors of 549786.
2, 3, 91631
What are the prime factors of 699488?
2, 21859
What are the prime factors of 5271700?
2, 5, 7, 17, 443
List the prime factors of 93744.
2, 3, 7, 31
List the prime factors of 92539.
29, 3191
List the prime factors of 221731.
17, 13043
List the prime factors of 2268210.
2, 3, 5, 7, 1